se -2*z = 3*d - 10 - 195, 0 = 3*d - g. What is the remainder when z is divided by 26?
17
Suppose 1985 = 115*x + 67 - 382. Calculate the remainder when 31 is divided by x.
11
Let u(g) be the first derivative of -3*g**2 - 24*g + 3. Let y be u(-23). Suppose 0 = 11*z - 9*z - y. Calculate the remainder when z is divided by 17.
6
Suppose 0*f - 11*f = -110. Calculate the remainder when -7 - (8610/(-25) + (-6)/10) is divided by f.
8
Suppose -4*l = -2*n - 2*l + 206, 2*l - 222 = -2*n. Let j be (-15)/18*(-36)/6. Let y(m) = 4*m + 9. What is the remainder when n is divided by y(j)?
20
Let h(p) = -p**2 - 62*p + 60. Calculate the remainder when h(-58) is divided by 10.
2
Suppose -15200 = -214*c + 14*c. What is the remainder when 837 is divided by c?
1
Let l = -13744 - -15568. Calculate the remainder when l is divided by 29.
26
Let s(f) = -f**2 + f - 1. Let v(l) = -l**2 + 2*l + 23. Let b(w) = -4*s(w) - v(w). Calculate the remainder when b(-3) is divided by 4.
0
Suppose 3*l + k = 305, 4*l - 3*k + 92 - 490 = 0. Suppose -347 = -4*u + 197. Suppose -6*b + 2*b = -u. Calculate the remainder when l is divided by b.
33
Suppose -5*m + 2*m = 12, -c + 137 = 5*m. Let i = -57 - -174. Let g = 149 - i. What is the remainder when c is divided by g?
29
Let y(l) be the third derivative of 1/20*l**5 + 0 - 1/12*l**4 + 1/30*l**6 - 1/6*l**3 + 0*l + 24*l**2. What is the remainder when y(2) is divided by 14?
11
Suppose -8 = -3*b - 3*h + 1, -12 = 3*h. Suppose 520 = -b*y + 9*y. What is the remainder when y is divided by 24?
20
Suppose -38 - 69 = -5*p + 2*g, -59 = -3*p - 4*g. Suppose 0 = p*d - 4441 - 2930. What is the remainder when d is divided by 32?
31
Let f(y) = -2*y**2 - 55*y - 3. Let t(l) = 39*l - 551. Calculate the remainder when f(-26) is divided by t(15).
7
Let m = 331 - 161. Suppose -690 = -42*o + 433 + 2195. Let g = m - o. Calculate the remainder when g is divided by 31.
29
Suppose 0 = 72*z - 70*z - 54. What is the remainder when 172 is divided by z?
10
Let l = -51 - -55. What is the remainder when (l/(-6))/(42/(-10836)) is divided by 38?
20
Suppose 0 = -5*w + 270 + 45. Let t(h) = 4*h**3 + 2*h**2 - 11*h + 14. Let v be (36/10)/2 - (-219)/1095. Calculate the remainder when w is divided by t(v).
31
Suppose -22*n + 17*n = 68 - 278. Calculate the remainder when 54 is divided by n.
12
Let z = -48 + 51. Let l be (12/7)/(z/14). Let w = l - -10. What is the remainder when 123 is divided by w?
15
Let v be (19 - 22)/(3*1/(-14)). Calculate the remainder when (-1)/(3/(-6)) + 8 is divided by (2/v)/((-5)/(-105)).
1
Suppose 0 = 4*p - 4*w - 48, -p + 2*p = 5*w. Suppose -7*t + 3*t = 4*j - 64, -11*t = -3*j - 50. Calculate the remainder when p is divided by j.
6
Suppose -30 + 10 = 4*r, 46 = z - 5*r. Let u be (-2)/(2*(-1)/13). Let b = u - 5. Calculate the remainder when z is divided by b.
5
Calculate the remainder when (10/4)/(1190/61880) is divided by ((-99)/12)/((-2)/8).
31
Let x = -102 - -144. Let g = x + 177. What is the remainder when g is divided by 56?
51
What is the remainder when -7 - 29/((-203)/3024) is divided by 418?
7
Suppose 38*d - 30*d = -1520. Let n = d + 232. Calculate the remainder when 121 is divided by n.
37
Suppose -3*s + 1059 + 768 = 2*y, 2*s + 5*y = 1196. What is the remainder when s is divided by 70?
53
Let a be (-44)/4 - (-4)/2. Suppose 2*i - 6 = -i. What is the remainder when (a/(-2))/(63/42) is divided by i?
1
Let q be (-330)/(-3 - (-6 - -5)). Suppose q*i = 158*i + 952. Calculate the remainder when i is divided by 49.
38
Let f = -99 + 118. Let w(m) = -9*m - 18. What is the remainder when w(-18) is divided by f?
11
Suppose -17*c + 6*c - 66 = 0. Calculate the remainder when (2 - 3)*(-3)/(c/(-152)) is divided by 10.
6
Suppose -2*c = -5*w + 208, -5*w - 79 = 3*c - 267. Let h = -94 + w. Let x = 76 + h. What is the remainder when x is divided by 8?
6
Suppose 10*h + 229 = 1349. Calculate the remainder when 1232 is divided by h.
0
Suppose 15*b + 2*b = 10*b + 9618. What is the remainder when b is divided by 5?
4
Let j = -80 - -85. Suppose -j = 5*h + 2*a - 106, 4*h + 2*a - 80 = 0. Calculate the remainder when h is divided by 3.
0
Suppose 0 = -9*l - 582 + 735. What is the remainder when 287 is divided by l?
15
Let d(r) = 15*r + 3. Let x be d(13). Let i(j) = -j**2 + 2*j + 293. Let b be i(0). Let p = b - x. Calculate the remainder when p is divided by 24.
23
What is the remainder when (3/((-18)/(-15)))/(70/(-1088528)*-4) is divided by 9?
8
Let t(c) = -c**2 + 8*c + 4. Suppose -3*w - 4*b = 90, 8*w - 4*b + 114 = 5*w. Let g = w + 41. What is the remainder when 20 is divided by t(g)?
9
Suppose 4*b - 9 = 13 + 22. Calculate the remainder when 813 is divided by b.
10
Suppose 0 = -4*q + 5*s - 20, s + 15 = -3*q - 2*s. Calculate the remainder when (0 - -65)*q/(15/(-3)) is divided by 22.
21
Let r(c) = 2*c + 3 + 1 + 7*c - 10*c. Suppose 3*o - 3*z - 89 = -z, o + 5*z = 58. Calculate the remainder when o is divided by r(-5).
6
Let p(t) = -t**3 - 5*t**2 - 5*t - 2. Let b be p(-4). Suppose -4*c + b*v = -348, 7*c - 6*c - v = 85. Calculate the remainder when c is divided by 30.
29
Let q = -10 + 42. Suppose a = -0*a + 3*l, -1 = -2*a + 5*l. Suppose -a*f + 7*f = 68. Calculate the remainder when q is divided by f.
15
Calculate the remainder when 106 is divided by -2*11*((-143)/22 - -6).
7
Suppose 451*s + 60741 = 604*s. Calculate the remainder when s is divided by 110.
67
Suppose -3*o + 6 = 3*f - 0*f, -f - 2 = 0. Suppose o*v + 22 = 58. Let q = 1450 - 1425. Calculate the remainder when q is divided by v.
7
Let a be (-2)/((-1012)/1008 - -1). Suppose -3*w - 2*w - 495 = -3*c, -3*c = -2*w - a. Suppose c + 25 = 3*f. What is the remainder when f is divided by 34?
31
Let j(z) = 3*z + 5. Let o be j(0). Suppose -20 = -5*c, -36 = -x - o*c + c. Calculate the remainder when 56 is divided by x.
16
Suppose 39*j - 28686 = -17337. What is the remainder when j is divided by 18?
3
Suppose m = -4*a + 9974 + 55561, -262014 = -4*m - 2*a. Calculate the remainder when m is divided by 54.
51
Suppose -2*o + 117 = -o. Suppose -337*n + 690*n - 465 = 338*n. What is the remainder when o is divided by n?
24
Let u = -292 - -162. Calculate the remainder when -2 + 13/(26/12) - u is divided by 48.
38
Suppose -108*q - 828 + 2556 = 0. Let f = 86 - 23. What is the remainder when f is divided by q?
15
Suppose 108*n - 6880 - 10144 = -20*n. What is the remainder when 707 is divided by n?
42
Suppose 4*k = -m + 300, -22*k - 16 = -26*k. What is the remainder when m is divided by 101?
82
Suppose 150*l - 89846 = 6*l - 3014. Calculate the remainder when l is divided by 179.
66
Let j(n) = 2*n - 3. Let m(u) = -2*u + 1. Let i(l) = j(l) + 2*m(l). Suppose 6*v = v + 330. Calculate the remainder when v is divided by i(-12).
20
Suppose -6 = c - 240. Suppose -210 = u - c. Calculate the remainder when u is divided by (-2 - -1 - 4)*-2.
4
Calculate the remainder when (-133)/(-38)*(-13864)/(-14) is divided by 10.
6
Let r = -7 - -9. Suppose -3*w + 134 = 4*s, -r*s + 4*w = -0*w - 56. Let z = 1322 + -1230. Calculate the remainder when z is divided by s.
28
Suppose -38*y + 45*y - 154 = 0. Suppose -y*u + 28*u = 102. Calculate the remainder when 181 is divided by u.
11
Let f = -18619 - -19114. Calculate the remainder when 1497 is divided by f.
12
Let q(n) = -n - 6. Let m be q(-10). Suppose w - 124 = -2*z, -223 = -m*w + 3*z + 295. What is the remainder when w is divided by 8/(168/553) - (-2)/(-6)?
24
Suppose 4*d = -0*d + q + 1155, -5*q + 294 = d. Let g = -2202 - -2231. What is the remainder when d is divided by g?
28
Let b = -25283 + 25673. What is the remainder when 401 is divided by b?
11
Let l = 99 - 9. Let b = -2477 + 2508. Calculate the remainder when l is divided by b.
28
What is the remainder when (-101)/((-1111)/616) - (2 - -17) is divided by (10 - 2) + (-2)/(-2)?
1
Let z = -83 + 87. Suppose -413 = -z*y - 3*y. Let l = y + -2. What is the remainder when l is divided by 15?
12
Suppose -8*j + 104 = -34*j. What is the remainder when 49 is divided by -3 + 31 + 12/j?
24
Suppose -6*d = -54 + 36. Let n be (1 - 6)*(6/d + -3). Suppose 2*s = -0*s - 3*p + 77, n*s + p = 199. What is the remainder when s is divided by 21?
19
Let z be 12 + 2 + 3*(-2)/(-3). Suppose 0*f - z = -2*f. Suppose 5*d + 3 = 6*d. Calculate the remainder when f is divided by d.
2
Suppose 6889 = 20*y - 2291. 